{"id":96,"date":"2016-04-22T18:34:59","date_gmt":"2016-04-22T16:34:59","guid":{"rendered":"http:\/\/www.gassenhuber.de\/kontingenz\/?page_id=96"},"modified":"2016-05-04T13:23:26","modified_gmt":"2016-05-04T11:23:26","slug":"humortheorie","status":"publish","type":"page","link":"http:\/\/www.gassenhuber.de\/kontingenz\/humortheorie\/","title":{"rendered":"Humortheorie"},"content":{"rendered":"<h4><span class=\"Text\">Zur Theorie des Humors \u2014 \u00d6ffnung ohne \u00dcberflutung<\/span><\/h4>\n<p><span class=\"Text\">Wer es mit Humor nehmen kann hat mehr Freiheiten, mehr Spielraum. Er ist zug\u00e4nglich f\u00fcr andere Sichtweisen, ist nicht erstarrt, blockiert oder nur auf ein Ziel fixiert. Wer lachen kann hat ein Mindestma\u00df an Schwingungsf\u00e4higkeit, die es ihm erlaubt, Doppelb\u00f6digkeit und Hintergr\u00fcndigkeit wahrzunehmen. Wer lachen kann ist lebendiger, in dem Sinne, dass er weitere Aspekte, andere Hinsichten einer Situation gelten lassen kann.<\/span><\/p>\n<p><span class=\"Text\">Humor kann etwas andeuten, auf etwas anspielen, das wir im Moment gerade nicht explizit leben: Aggressivit\u00e4t, Schadenfreude, Dem\u00fctigung, Sexualit\u00e4t, Obsz\u00f6nit\u00e4t (S. Freud), Kindlichkeit, Verwirrung, Verzweiflung, Verg\u00e4nglichkeit, Tierhaftigkeit (H. Plessner), Maschinenhaftigkeit (H. Bergson) usw. Die verschiedenen Theorien des Lachens sind sich hierin erstaunlich einig: Eine Realit\u00e4t, eine menschliche M\u00f6glichkeit, die sich im Moment nicht zeigen soll, lugt ein bi\u00dfchen hervor, macht sich irgendwie bemerkbar. Das \u00fcblicherweise Ausgegrenzte darf jetzt einbezogen und als wirklich wahrgenommen werden (J. Ritter), ein Sieg des So-ist-es \u00fcber das So-hat-es-zu-sein (O. Marquard). Im Lachen sind wir durchl\u00e4ssig f\u00fcr das Hintergr\u00fcndige, den Untergrund des Lebens.<\/span><\/p>\n<p><span class=\"Text\">Wir spielen damit, genie\u00dfen es vielleicht und meistern in jedem Fall die Situation. Dabei ist wohl jedem Lachen zumindest ein kleiner Triumph (Th. Hobbes \u00absudden glory\u00bb, H. Schmitz) eingewoben, wir behaupten uns, wir leben gerne \u2014 trotz widriger Umst\u00e4nde. In Trauer und Niedergeschlagenheit kann Humor wieder etwas Blau im grauen Himmel sichtbar werden lassen; wir erleben einen ersten Abstand und sei es f\u00fcr einen Moment.<\/span><br \/>\n<span class=\"Text\"> Und wir haben keine Angst, vor allem nicht in Gemeinschaft. Lachen ist die Kunst der Vernichtung von Angst, meint Umberto Ecco. Wir erleben unsere Souver\u00e4nit\u00e4t und im ansteckenden Lachen unsere Sozialit\u00e4t.<\/span><\/p>\n<p><span class=\"Text\">Es gibt allerdings auch das b\u00f6se Lachen, das Auslachen, das h\u00f6hnische Lachen, das Angst macht und nicht f\u00fcr alle Beteiligten fr\u00f6hlich und heiter ist. Manchmal gelingt es aber auch in diesem Fall, wiederum Humor gleichsam als leichte Abwehrwaffe einzusetzen. Mit Humor kann einer Aggression flexibel begegnet oder es kann variantenreich angegriffen werden. Im Sinne einer abgestuften Eskalation erweitert Humor in jedem Fall unser Handlungsspektrum.<\/span><\/p>\n<p><span class=\"Text\">Humor zerkleinert die gro\u00dfen Themen wirksamer und besser, schreibt schon Horaz vor 2000 Jahren (ridiculum acri fortius et melius magnas plerumque secat res, Hor.sat.1,10). Es ist geradewegs der \u00fcbergro\u00dfe Ernst, meint Shaftesbury in Weiterf\u00fchrung von Horaz, der zum Wesen von Betrug und Fanatismus geh\u00f6re (Ein Brief \u00fcber den Enthusiasmus, 1707). \u00dcbergro\u00dfer Ernst bef\u00f6rdert zweifellos Ungl\u00fcck und Verdru\u00df: er schlie\u00dft Lebensm\u00f6gliches aus und verhindert spielerischen Abstand. Humor hingegen erlaubt \u00d6ffnungen ohne die Gefahr distanzsloser \u00dcberflutung.<\/span><\/p>\n<p><a class=\"Text\" href=\"http:\/\/www.gassenhuber.de\/kontingenz\/humor\/\">&#8230; zur\u00fcck<\/a><\/p>\n","protected":false},"excerpt":{"rendered":"<p>Zur Theorie des Humors \u2014 \u00d6ffnung ohne \u00dcberflutung Wer es mit Humor nehmen kann hat mehr Freiheiten, mehr Spielraum. Er ist zug\u00e4nglich f\u00fcr andere Sichtweisen, ist nicht erstarrt, blockiert oder nur auf ein Ziel fixiert. Wer lachen kann hat ein Mindestma\u00df an Schwingungsf\u00e4higkeit, die es ihm erlaubt, Doppelb\u00f6digkeit und Hintergr\u00fcndigkeit wahrzunehmen. Wer lachen kann ist &hellip; <a href=\"http:\/\/www.gassenhuber.de\/kontingenz\/humortheorie\/\" class=\"more-link\"><span class=\"screen-reader-text\">Humortheorie<\/span> weiterlesen <span class=\"meta-nav\">&rarr;<\/span><\/a><\/p>\n","protected":false},"author":1,"featured_media":0,"parent":0,"menu_order":0,"comment_status":"closed","ping_status":"closed","template":"","meta":{"footnotes":""},"class_list":["post-96","page","type-page","status-publish","hentry"],"_links":{"self":[{"href":"http:\/\/www.gassenhuber.de\/kontingenz\/wp-json\/wp\/v2\/pages\/96"}],"collection":[{"href":"http:\/\/www.gassenhuber.de\/kontingenz\/wp-json\/wp\/v2\/pages"}],"about":[{"href":"http:\/\/www.gassenhuber.de\/kontingenz\/wp-json\/wp\/v2\/types\/page"}],"author":[{"embeddable":true,"href":"http:\/\/www.gassenhuber.de\/kontingenz\/wp-json\/wp\/v2\/users\/1"}],"replies":[{"embeddable":true,"href":"http:\/\/www.gassenhuber.de\/kontingenz\/wp-json\/wp\/v2\/comments?post=96"}],"version-history":[{"count":7,"href":"http:\/\/www.gassenhuber.de\/kontingenz\/wp-json\/wp\/v2\/pages\/96\/revisions"}],"predecessor-version":[{"id":655,"href":"http:\/\/www.gassenhuber.de\/kontingenz\/wp-json\/wp\/v2\/pages\/96\/revisions\/655"}],"wp:attachment":[{"href":"http:\/\/www.gassenhuber.de\/kontingenz\/wp-json\/wp\/v2\/media?parent=96"}],"curies":[{"name":"wp","href":"https:\/\/api.w.org\/{rel}","templated":true}]}}