{"id":117,"date":"2016-04-22T18:41:56","date_gmt":"2016-04-22T16:41:56","guid":{"rendered":"http:\/\/www.gassenhuber.de\/kontingenz\/?page_id=117"},"modified":"2016-05-01T12:50:38","modified_gmt":"2016-05-01T10:50:38","slug":"phil-beratung-was-ist-das","status":"publish","type":"page","link":"http:\/\/www.gassenhuber.de\/kontingenz\/phil-beratung-was-ist-das\/","title":{"rendered":"Phil. Beratung, was ist das?"},"content":{"rendered":"<p><span class=\"Text\"><strong>Philosophische Beratung, was ist das?<\/strong><\/span><\/p>\n<p><span class=\"Text\">Philosophie handelt vom Ganzen des Menschen und der Welt, etwa so wie auch die Religionen. Wenn jemand religi\u00f6s gefestigt und eingebunden ist, braucht er dann noch eine Philosophie, eine philosophische Beratung? Nein, ich denke nicht. Die Religion beantwortet ihm dann alle die Grundfragen wie<\/span><\/p>\n<p><span class=\"Text\">\u201eWem oder was verdanken wir die Welt und unser Leben?\u201c<\/span><br \/>\n<span class=\"Text\"> \u201eWie ist die Welt, ist sie im Grunde gut oder schlecht?\u201c,<\/span><br \/>\n<span class=\"Text\"> \u201eWas mache ich eigentlich hier?\u201c<\/span><br \/>\n<span class=\"Text\"> \u201eLebe ich \u201erichtig\u201c oder verbringe ich nur meine Zeit?\u201c,<\/span><br \/>\n<span class=\"Text\"> \u201eWie verkrafte ich Krankheiten und Schicksalsschl\u00e4ge?\u201c<\/span><\/p>\n<p><span class=\"Text\">Viele Menschen haben heute Zweifel an den Antworten, die die Religionen geben. Sie wollen es selber wissen, wollen die Fragen selbst stellen und selbst pr\u00fcfen. Diese Haltung des Fragens, Staunens und Hinterfragens ist der Anfang der Philosophie. Seit 2500 Jahren sucht sie nach Antworten, streitet, diskutiert und disputiert. Endg\u00fcltige Antworten, g\u00fcltige Wahrheiten, wurden wenige gefunden. Erstaunlich wenige. Liest man heute einen alten Text der Griechen, so sind die Themen und Argumente dort oft so aktuell wie heute. Es k\u00f6nnte auch heute stattfinden, was da 400 v.Chr. besprochen wurde. Was aber leistet dann Philosophie? Was will eine \u201ephilosophische Beratung\u201c wenn sie keine g\u00fcltigen Antworten parat hat?<\/span><\/p>\n<p><span class=\"Text\">Philosophische Beratung ist in erster Linie eine Besinnung im Dialog. Wir suchen gemeinsam etwas zu verstehen, suchen im Gespr\u00e4ch nach Alternativen oder L\u00f6sungen. Antworten sind da durchaus m\u00f6glich. Sie entstehen im Gespr\u00e4ch, im Nachdenken selber; sie sind nicht vorgegeben. Sie entstehen aus der pers\u00f6nlichen Situation und aus dem Gespr\u00e4chskontext heraus.<\/span><br \/>\n<span class=\"Text\"> Philosophische Beratung, wie ich sie verstehe, ist keiner bestimmten phil. Richtung verpflichtet. Ich begreife Philosophie hier eher als einen Baukasten, aus dem wir uns nehmen, was wir gerade eben gut gebrauchen k\u00f6nnen. (Man denke an Paul Feyerabends \u201eanything goes\u201c.) F\u00fcr Probleml\u00f6sungen besonders gut bew\u00e4hrt haben sich die vier Bausteine:<\/span><br \/>\n<span><\/span><br \/>\n<span class=\"Text\"> \u2014 Wertsch\u00e4tzung des Individuellen (Jede Situation ist anders.)<\/span><br \/>\n<span class=\"Text\"> \u2014 Achtung unserer Leiblichkeit (Was sagt mein Leib dazu?)<\/span><br \/>\n<span class=\"Text\"> \u2014 Dialogorientierung (\u201eDie Wahrheit beginnt zu zweit.\u201c)<\/span><br \/>\n<span class=\"Text\"> \u2014 Zeitbewu\u00dftsein (Alles entwickelt sich&#8230;)<\/span><br \/>\n<span><\/span><br \/>\n<span class=\"Text\"> Daraus wird kein abgeschlossenes Weltbild, kein gotischer Dombau werden \u2013 eher ein Haus, eine H\u00fctte f\u00fcr unsere aktuellen Lebensbed\u00fcrfnisse. \u00c4ndern wir uns oder \u00e4ndern sich die Verh\u00e4ltnisse, bauen wir das Haus um oder bauen ein neues. Diese Art von Philosophie ist kleiner und bescheidener als die gro\u00dfen Religionen. Aber ihre Antworten sind flexibler, fl\u00fcssiger und uns selbst und den unseren besser auf den Leib geschneidert.<\/span><br \/>\n<span class=\"Text\"> Gerd Achenbach hat diese pragmatische Haltung f\u00fcr sein Angebot einer \u201ephilosophischen Praxis\u201c pointiert formuliert: \u201ePhilosophische Praxis wei\u00df nicht Bescheid, manchmal aber weiter\u201c.<\/span><\/p>\n<p><span class=\"Text\">Wir untersuchen, welches geistige Haus Sie bereits gebaut haben, ob es zu Ihnen pa\u00dft, ob etwas fehlt und wie Sie sich dazu stellen. Es soll Ihr Haus werden, f\u00fcr alles Ihrige soll auch Platz sein und immer wieder Platz geschaffen werden.<\/span><br \/>\n<span class=\"Text\"> Und wenn ich lieber ein Schiff h\u00e4tte als ein Haus?<\/span><br \/>\n<span class=\"Text\"> Nichts ist hier ausgeschlossen:<\/span><\/p>\n<p><em><span class=\"Text\">Es war einmal ein Lattenzaun,<\/span><\/em><br \/>\n<em> <span class=\"Text\"> mit Zwischenraum, hindurchzuschaun.<\/span><\/em><br \/>\n<em> <span class=\"Text\"> Ein Architekt, der dieses sah,<\/span><\/em><br \/>\n<em> <span class=\"Text\"> stand eines Abends pl\u00f6tzlich da &#8211;<\/span><\/em><br \/>\n<em> <span class=\"Text\"> und nahm den Zwischenraum heraus<\/span><\/em><br \/>\n<em> <span class=\"Text\"> und baute draus ein gro\u00dfes Haus.<\/span><\/em><br \/>\n<em> <span class=\"Text\"> Der Zaun indessen stand ganz dumm,<\/span><\/em><br \/>\n<em> <span class=\"Text\"> mit Latten ohne was herum&#8230;<\/span><\/em><br \/>\n<span class=\"Text\"> (Christian Morgenstern)<\/span><\/p>\n<p><span class=\"Text\">Ihr erstes Zuhause kann auch ein Luftschlo\u00df sein, ein imagin\u00e4res Reich, ein Ort der Mythen und M\u00e4rchen. Das ist alles ein Rastplatz auf dem Weg, unsere Erfahrungen und unsere W\u00fcnsche wahrzunehmen und zu achten.<\/span><\/p>\n<p><span class=\"Text\"><a href=\"http:\/\/www.gassenhuber.de\/kontingenz\/beratung\/\">&#8230; zur\u00fcck<\/a><\/span><\/p>\n","protected":false},"excerpt":{"rendered":"<p>Philosophische Beratung, was ist das? Philosophie handelt vom Ganzen des Menschen und der Welt, etwa so wie auch die Religionen. Wenn jemand religi\u00f6s gefestigt und eingebunden ist, braucht er dann noch eine Philosophie, eine philosophische Beratung? Nein, ich denke nicht. Die Religion beantwortet ihm dann alle die Grundfragen wie \u201eWem oder was verdanken wir die &hellip; <a href=\"http:\/\/www.gassenhuber.de\/kontingenz\/phil-beratung-was-ist-das\/\" class=\"more-link\"><span class=\"screen-reader-text\">Phil. Beratung, was ist das?<\/span> weiterlesen <span class=\"meta-nav\">&rarr;<\/span><\/a><\/p>\n","protected":false},"author":1,"featured_media":0,"parent":0,"menu_order":0,"comment_status":"closed","ping_status":"closed","template":"","meta":{"footnotes":""},"class_list":["post-117","page","type-page","status-publish","hentry"],"_links":{"self":[{"href":"http:\/\/www.gassenhuber.de\/kontingenz\/wp-json\/wp\/v2\/pages\/117"}],"collection":[{"href":"http:\/\/www.gassenhuber.de\/kontingenz\/wp-json\/wp\/v2\/pages"}],"about":[{"href":"http:\/\/www.gassenhuber.de\/kontingenz\/wp-json\/wp\/v2\/types\/page"}],"author":[{"embeddable":true,"href":"http:\/\/www.gassenhuber.de\/kontingenz\/wp-json\/wp\/v2\/users\/1"}],"replies":[{"embeddable":true,"href":"http:\/\/www.gassenhuber.de\/kontingenz\/wp-json\/wp\/v2\/comments?post=117"}],"version-history":[{"count":8,"href":"http:\/\/www.gassenhuber.de\/kontingenz\/wp-json\/wp\/v2\/pages\/117\/revisions"}],"predecessor-version":[{"id":575,"href":"http:\/\/www.gassenhuber.de\/kontingenz\/wp-json\/wp\/v2\/pages\/117\/revisions\/575"}],"wp:attachment":[{"href":"http:\/\/www.gassenhuber.de\/kontingenz\/wp-json\/wp\/v2\/media?parent=117"}],"curies":[{"name":"wp","href":"https:\/\/api.w.org\/{rel}","templated":true}]}}