{"id":11,"date":"2016-04-21T18:37:38","date_gmt":"2016-04-21T16:37:38","guid":{"rendered":"http:\/\/www.gassenhuber.de\/kontingenz\/?page_id=11"},"modified":"2016-04-30T21:31:45","modified_gmt":"2016-04-30T19:31:45","slug":"individuation","status":"publish","type":"page","link":"http:\/\/www.gassenhuber.de\/kontingenz\/individuation\/","title":{"rendered":"&#8211; Individuation"},"content":{"rendered":"<figure id=\"attachment_59\" aria-describedby=\"caption-attachment-59\" style=\"width: 359px\" class=\"wp-caption alignnone\"><a href=\"http:\/\/www.gassenhuber.de\/kontingenz\/\"><img loading=\"lazy\" decoding=\"async\" class=\"wp-image-59 size-full\" src=\"http:\/\/www.gassenhuber.de\/kontingenz\/wp-content\/uploads\/2016\/04\/individuation.jpg\" alt=\"Mit freundlicher Genehmigung von Oliver Wallbaum \" width=\"359\" height=\"500\" srcset=\"http:\/\/www.gassenhuber.de\/kontingenz\/wp-content\/uploads\/2016\/04\/individuation.jpg 359w, http:\/\/www.gassenhuber.de\/kontingenz\/wp-content\/uploads\/2016\/04\/individuation-215x300.jpg 215w\" sizes=\"(max-width: 359px) 100vw, 359px\" \/><\/a><figcaption id=\"caption-attachment-59\" class=\"wp-caption-text\"><span class=\"genehm\">Mit freundlicher Genehmigung von <a style=\"color: #006039;\" href=\"http:\/\/www.toonpool.com\/artists\/Rovey_197\" target=\"_blank\">Oliver Wallbaum<\/a><\/span><\/figcaption><\/figure>\n<p><span class=\"Text\">Aus dem S\u00e4ugling wird ein Kleinkind, ein Sch\u00fcler, ein Liebender, ein Berufst\u00e4tiger, ein Elternteil etc. \u201eIndividuation\u201c oder Selbstwerdung meint die lebenslange Entwicklung, Ausfaltung des eigenen Selbst in Auseinandersetzung mit dem jeweiligen Lebensumfeld. Der Mensch wandelt sich, f\u00fcgt sich gleichzeitig in neue soziale Umgebungen ein, grenzt sich von anderen ab. Individuation ist immer auch Sozialisation.<\/span><\/p>\n<p><span class=\"Text\">In den gelungenen Phasen hat man das Gef\u00fchl, dass man sein kann, der man ist und gleichzeitig teilhaben kann an seiner Gemeinschaft. Eine gelingende Gemeinschaft ist weder erdr\u00fcckend noch vernachl\u00e4ssigend und der Einzelne ist dann weder \u00fcberanh\u00e4nglich noch im \u00dcberma\u00df distanziert-zur\u00fcckgezogen. Eine lebendige Verbundenheit und wechselseitige Verantwortung l\u00e4\u00dft einen leicht sein und sich frei f\u00fchlen.<\/span><\/p>\n<p><span class=\"Text\">Wir gehen den Fragen nach:<\/span><br \/>\n<span class=\"Text\"> Darf ich Ich selber sein und f\u00fchle mich dennoch liebenswert?<\/span><br \/>\n<span class=\"Text\"> Darf ich Nein sagen zu etwas und kann dennoch darauf vertrauen, anerkannt zu bleiben?<\/span><br \/>\n<span class=\"Text\"> Darf ich Ja sagen zu etwas auch auf die Gefahr hin, dass der andere Nein sagt?<\/span><\/p>\n<p><span class=\"Text\"><strong>Zentrale Themen<\/strong><\/span><br \/>\n<span class=\"Text\"><a href=\"http:\/\/www.gassenhuber.de\/kontingenz\/gespraech\/\">Gespr\u00e4ch<\/a>\u00a0\u2013\u00a0<a href=\"http:\/\/www.gassenhuber.de\/kontingenz\/individuation\/\">Individuation<\/a>\u00a0\u2013\u00a0<a href=\"http:\/\/www.gassenhuber.de\/kontingenz\/existenz\/\">Existenz<\/a>\u00a0\u2013\u00a0<a href=\"http:\/\/www.gassenhuber.de\/kontingenz\/kontingenz\/\">Kontingenz<\/a>\u00a0\u2013\u00a0<a href=\"http:\/\/www.gassenhuber.de\/kontingenz\/religion\/\">Religion<\/a>\u00a0\u2013\u00a0<a href=\"http:\/\/www.gassenhuber.de\/kontingenz\/humor\/\">Humor<\/a>\u00a0\u2013\u00a0<a href=\"http:\/\/www.gassenhuber.de\/kontingenz\/praesenz\/\">Pr\u00e4senz<\/a><\/span><\/p>\n","protected":false},"excerpt":{"rendered":"<p>Aus dem S\u00e4ugling wird ein Kleinkind, ein Sch\u00fcler, ein Liebender, ein Berufst\u00e4tiger, ein Elternteil etc. \u201eIndividuation\u201c oder Selbstwerdung meint die lebenslange Entwicklung, Ausfaltung des eigenen Selbst in Auseinandersetzung mit dem jeweiligen Lebensumfeld. Der Mensch wandelt sich, f\u00fcgt sich gleichzeitig in neue soziale Umgebungen ein, grenzt sich von anderen ab. Individuation ist immer auch Sozialisation. In &hellip; <a href=\"http:\/\/www.gassenhuber.de\/kontingenz\/individuation\/\" class=\"more-link\"><span class=\"screen-reader-text\">&#8211; Individuation<\/span> weiterlesen <span class=\"meta-nav\">&rarr;<\/span><\/a><\/p>\n","protected":false},"author":1,"featured_media":0,"parent":0,"menu_order":4,"comment_status":"closed","ping_status":"closed","template":"","meta":{"footnotes":""},"class_list":["post-11","page","type-page","status-publish","hentry"],"_links":{"self":[{"href":"http:\/\/www.gassenhuber.de\/kontingenz\/wp-json\/wp\/v2\/pages\/11"}],"collection":[{"href":"http:\/\/www.gassenhuber.de\/kontingenz\/wp-json\/wp\/v2\/pages"}],"about":[{"href":"http:\/\/www.gassenhuber.de\/kontingenz\/wp-json\/wp\/v2\/types\/page"}],"author":[{"embeddable":true,"href":"http:\/\/www.gassenhuber.de\/kontingenz\/wp-json\/wp\/v2\/users\/1"}],"replies":[{"embeddable":true,"href":"http:\/\/www.gassenhuber.de\/kontingenz\/wp-json\/wp\/v2\/comments?post=11"}],"version-history":[{"count":11,"href":"http:\/\/www.gassenhuber.de\/kontingenz\/wp-json\/wp\/v2\/pages\/11\/revisions"}],"predecessor-version":[{"id":508,"href":"http:\/\/www.gassenhuber.de\/kontingenz\/wp-json\/wp\/v2\/pages\/11\/revisions\/508"}],"wp:attachment":[{"href":"http:\/\/www.gassenhuber.de\/kontingenz\/wp-json\/wp\/v2\/media?parent=11"}],"curies":[{"name":"wp","href":"https:\/\/api.w.org\/{rel}","templated":true}]}}